True
Is 476184199 prime?
False
Is 51639911 a composite number?
False
Is 4706587 prime?
False
Is 5223017 prime?
True
Is 279482389 prime?
True
Is 12275051 prime?
True
Is 3063799 composite?
False
Is 2321607 composite?
True
Is 1087349 composite?
False
Is 68551577 a composite number?
False
Is 6173759 prime?
False
Is 2523047 prime?
True
Is 37985986 a prime number?
False
Is 15122663 composite?
False
Is 3077621 prime?
True
Is 1544623 composite?
False
Is 3384751 prime?
False
Is 11404771 a composite number?
True
Is 77349127 a composite number?
False
Is 1007922373 prime?
True
Is 346687 a composite number?
True
Is 34990993 a composite number?
False
Is 22607197 a composite number?
True
Is 7991111 composite?
True
Is 3252523 composite?
False
Is 7041781 composite?
False
Is 448157233 prime?
True
Is 44244311 prime?
True
Is 214440103 a composite number?
True
Is 325403 a composite number?
True
Is 274984933 composite?
False
Is 1379711 prime?
False
Is 530226059 a prime number?
False
Is 13842553 a prime number?
True
Is 2459993 composite?
False
Is 367529 a composite number?
True
Is 9144131 composite?
False
Is 844369181 a composite number?
False
Is 704929 prime?
True
Is 2300379 a composite number?
True
Is 7134817 a composite number?
False
Is 24913649 a prime number?
True
Is 5349257 prime?
True
Is 1147337 prime?
False
Is 954691 prime?
False
Is 61738517 prime?
True
Is 2015851 a composite number?
False
Is 944313719 a prime number?
True
Is 510733 prime?
False
Is 121264391 composite?
False
Is 8103721 prime?
True
Is 5421089 a composite number?
False
Is 24647143 a prime number?
False
Is 22270813 composite?
False
Is 39171263 a prime number?
True
Is 875969 composite?
False
Is 2422579 prime?
True
Is 570014569 a composite number?
True
Is 383609839 a composite number?
False
Is 69783341 composite?
False
Is 3238093 prime?
True
Is 174979054 composite?
True
Is 24783037 a composite number?
False
Is 19262329 a composite number?
False
Is 43566767 prime?
False
Is 1245389 a prime number?
False
Is 282222271 a composite number?
False
Is 11804929 prime?
False
Is 20263691 a prime number?
False
Is 745761 a prime number?
False
Is 174349677 a prime number?
False
Is 7397827 a prime number?
False
Is 102763301 composite?
False
Is 18050863 a composite number?
True
Is 257595385 a prime number?
False
Is 39061859 a prime number?
True
Is 310750739 a composite number?
True
Is 419822333 a composite number?
True
Is 55114438 composite?
True
Is 540227027 a composite number?
False
Is 35550547 composite?
True
Is 45729347 a composite number?
False
Is 1633859 a composite number?
True
Is 16444495 a composite number?
True
Is 4737139 a prime number?
False
Is 25367627 a prime number?
True
Is 77155517 a prime number?
True
Is 23683637 prime?
True
Is 87634913 a composite number?
True
Is 1556657 composite?
False
Is 1267009 composite?
False
Is 1959127 composite?
True
Is 6877327 prime?
True
Is 4471249 composite?
True
Is 28956443 a prime number?
True
Is 17739833 a composite number?
False
Is 25949681 composite?
True
Is 6417883 composite?
True
Is 24694021 prime?
False
Is 489078871 a composite number?
True
Is 2218439 a prime number?
True
Is 1857761 a composite number?
False
Is 8984531 a prime number?
True
Is 26591701 prime?
False
Is 450559853 prime?
True
Is 4382215 prime?
False
Is 27028009 prime?
False
Is 190230019 a prime number?
False
Is 3940747 prime?
True
Is 3353743 a composite number?
True
Is 267484019 composite?
True
Is 1977499 composite?
False
Is 48914519 prime?
False
Is 7948111 a prime number?
False
Is 12754897 composite?
False
Is 11339479 a composite number?
True
Is 6369733 prime?
True
Is 229880143 a prime number?
True
Is 15165221 a prime number?
False
Is 19013717 a composite number?
True
Is 20566453 a prime number?
True
Is 173420501 composite?
False
Is 5909383 a prime number?
True
Is 1196797 a prime number?
False
Is 45464306 composite?
True
Is 37201541 a composite number?
True
Is 2156507 prime?
True
Is 5542409 prime?
True
Is 16279391 a composite number?
False
Is 20405339 a composite number?
True
Is 12886415 composite?
True
Is 24544939 prime?
True
Is 2947999 a composite number?
False
Is 104798891 prime?
True
Is 525280837 composite?
True
Is 339775509 composite?
True
Is 559358 a composite number?
True
Is 241951639 a composite number?
True
Is 1500445 a composite number?
True
Is 35589149 composite?
False
Is 29957257 a prime number?
False
Is 926999 a prime number?
False
Is 690199 prime?
False
Is 696467 prime?
False
Is 4410253 composite?
False
Is 10971397 a prime number?
False
Is 2004977 a prime number?
False
Is 1646679 a composite number?
True
Is 20246377 composite?
False
Is 2284181 composite?
False
Is 49135783 composite?
True
Is 74524337 a composite number?
False
Is 50515711 prime?
False
Is 37803301 composite?
True
Is 505894141 a composite number?
False
Is 35959265 a composite number?
True
Is 5228602 composite?
True
Is 3332737 composite?
False
Is 19645247 composite?
False
Is 30501509 composite?
False
Is 19622677 a prime number?
False
Is 371123 prime?
False
Is 8616397 prime?
True
Is 216039227 prime?
True
Is 310316465 prime?
False
Is 25698741 composite?
True
Is 6769759 prime?
True
Is 1560121 prime?
True
Is 2145557 a prime number?
False
Is 1533793 composite?
False
Is 2258063 prime?
False
Is 384939902 prime?
False
Is 16413629 prime?
True
Is 86802245 a composite number?
True
Is 25030163 prime?
False
Is 4168981 a composite number?
False
Is 17026697 prime?
False
Is 2145881 a prime number?
False
Is 215317447 composite?
True
Is 275679947 composite?
False
Is 636935509 composite?
True
Is 791653081 a prime number?
True
Is 86854543 prime?
False
Is 7099453 a composite number?
False
Is 9206671 prime?
False
Is 149749 a composite number?
False
Is 260289613 a composite number?
False
Is 33901463 a composite number?
True
Is 15325181 composite?
True
Is 111450907 a prime number?
True
Is 19845953 a prime number?
False
Is 147838559 a composite number?
True
Is 56107783 composite?
False
Is 2909373 prime?
False
Is 352218293 a composite number?
True
Is 4298927 prime?
True
Is 29386713 composite?
True
Is 131790727 prime?
False
Is 23956681 composite?
True
Is 7325069 a prime number?
True
Is 878071 composite?
True
Is 79038807 prime?
False
Is 1547439 composite?
True
Is 599835503 prime?
False
Is 13870371 prime?
False
Is 28289083 composite?
False
Is 2604799 a composite number?
False
Is 17701349 prime?
False
Is 19654861 composite?
True
Is 733670801 prime?
False
Is 18615749 composite?
True
Is 6148837 a composite number?
True
Is 11950877 a composite number?
False
Is 1567759 a prime number?
True
Is 97064183 a composite number?
False
Is 508843 composite?
True
Is 201504911 prime?
False
Is 27028331 prime?
False
Is 5160256957 prime?
True
Is 8479837 a prime number?
False
Is 487948111 prime?
False
Is 3585161 composite?
False
Is 323880521 a prime number?
False
Is 4716683 a prime number?
False
Is 52523663 prime?
False
Is 139263539 a composite number?
True
Is 360162173 prime?
False
Is 4198669 a prime number?
True
Is 2371597 prime?
False
Is 7360121 prime?
True
Is 73493 a prime number?
False
Is 17191121 a composite number?
True
Is 11315159 a composite number?
True
Is 5674901 a prime number?
False
Is 1236727 composite?
False
Is 6852421 composite?
False
Is 55313437 composite?
True
Is 383893 a prime number?
False
Is 145548061 composite?
False
Is 31417279 prime?
False
Is 1457011 a composite number?
False
Is 991253 prime?
False
Is 3656999 a prime number?
False
Is 46012487 prime?
False
Is 13688819 prime?
True
Is 3607769 a prime number?
False
Is 1148503 a prime number?
False
Is 577487 composite?
True
Is 3745041 prime?
False
Is 477091 a composite number?
False
Is 8494217 composite?
True
Is 142775543 a composite number?
False
Is 4321997 prime?
True
Is 2176757 composite?
True
Is 3366973 a prime number?
True
Is 15515741 composite?
False
Is 153353414 prime?
False
Is 144766 a prime number?
False
Is 24114317 a composite number?
False
Is 109093769 a composite number?
True
Is 62049029 composite?
True
Is 169320863 a composite number?
False
Is 8387845 composite?
True
Is 1268731 prime?
True
Is 7818689 a prime number?
False
Is 2419539 a composite number?
True
Is 1149521 prime?
True
Is 150734 a composite number?
True
Is 13381 prime?
True
Is 203548637 a composite number?
False
Is 2386852